{"id":144,"date":"2018-08-07T10:50:47","date_gmt":"2018-08-07T10:50:47","guid":{"rendered":"http:\/\/demo.athemes.com\/atu-agency\/?page_id=144"},"modified":"2023-05-04T13:27:52","modified_gmt":"2023-05-04T13:27:52","slug":"contact","status":"publish","type":"page","link":"https:\/\/googamania.euproweb.com\/index.php\/contact\/","title":{"rendered":"Contact"},"content":{"rendered":"\t\t<div data-elementor-type=\"wp-post\" data-elementor-id=\"144\" class=\"elementor elementor-144\">\n\t\t\t\t\t\t<section class=\"elementor-section elementor-top-section elementor-element elementor-element-6352347f elementor-reverse-tablet elementor-reverse-mobile elementor-section-boxed elementor-section-height-default elementor-section-height-default\" data-id=\"6352347f\" data-element_type=\"section\" data-e-type=\"section\">\n\t\t\t\t\t\t<div class=\"elementor-container elementor-column-gap-wider\">\n\t\t\t\t\t<div class=\"elementor-column elementor-col-50 elementor-top-column elementor-element elementor-element-54047305\" data-id=\"54047305\" data-element_type=\"column\" data-e-type=\"column\">\n\t\t\t<div class=\"elementor-widget-wrap elementor-element-populated\">\n\t\t\t\t\t\t<div class=\"elementor-element elementor-element-3b109a3f elementor-widget elementor-widget-heading\" data-id=\"3b109a3f\" data-element_type=\"widget\" data-e-type=\"widget\" data-widget_type=\"heading.default\">\n\t\t\t\t<div class=\"elementor-widget-container\">\n\t\t\t\t\t<h2 class=\"elementor-heading-title elementor-size-default\">Kontakt Detalji<\/h2>\t\t\t\t<\/div>\n\t\t\t\t<\/div>\n\t\t\t\t<div class=\"elementor-element elementor-element-193e2a1 elementor-widget elementor-widget-text-editor\" data-id=\"193e2a1\" data-element_type=\"widget\" data-e-type=\"widget\" data-widget_type=\"text-editor.default\">\n\t\t\t\t<div class=\"elementor-widget-container\">\n\t\t\t\t\t\t\t\t\t<p>Poru\u010dite sajt preko forme na ovoj strani ili postavite pitanje, mi odgovaramo ODMAH.<\/p>\t\t\t\t\t\t\t\t<\/div>\n\t\t\t\t<\/div>\n\t\t\t\t<div class=\"elementor-element elementor-element-0882676 elementor-widget elementor-widget-heading\" data-id=\"0882676\" data-element_type=\"widget\" data-e-type=\"widget\" data-widget_type=\"heading.default\">\n\t\t\t\t<div class=\"elementor-widget-container\">\n\t\t\t\t\t<h5 class=\"elementor-heading-title elementor-size-default\">Email - odgovor dobijate odmah<\/h5>\t\t\t\t<\/div>\n\t\t\t\t<\/div>\n\t\t\t\t<div class=\"elementor-element elementor-element-49c39f0 elementor-widget elementor-widget-text-editor\" data-id=\"49c39f0\" data-element_type=\"widget\" data-e-type=\"widget\" data-widget_type=\"text-editor.default\">\n\t\t\t\t<div class=\"elementor-widget-container\">\n\t\t\t\t\t\t\t\t\t<p>info@googamania.com<\/p>\t\t\t\t\t\t\t\t<\/div>\n\t\t\t\t<\/div>\n\t\t\t\t<div class=\"elementor-element elementor-element-d9031c1 elementor-widget elementor-widget-heading\" data-id=\"d9031c1\" data-element_type=\"widget\" data-e-type=\"widget\" data-widget_type=\"heading.default\">\n\t\t\t\t<div class=\"elementor-widget-container\">\n\t\t\t\t\t<h5 class=\"elementor-heading-title elementor-size-default\">Telefon - NON STOP<\/h5>\t\t\t\t<\/div>\n\t\t\t\t<\/div>\n\t\t\t\t<div class=\"elementor-element elementor-element-56b71c4 elementor-widget elementor-widget-text-editor\" data-id=\"56b71c4\" data-element_type=\"widget\" data-e-type=\"widget\" data-widget_type=\"text-editor.default\">\n\t\t\t\t<div class=\"elementor-widget-container\">\n\t\t\t\t\t\t\t\t\t<p>(063) 7683-881<\/p>\t\t\t\t\t\t\t\t<\/div>\n\t\t\t\t<\/div>\n\t\t\t\t<div class=\"elementor-element elementor-element-3055b98 elementor-widget elementor-widget-heading\" data-id=\"3055b98\" data-element_type=\"widget\" data-e-type=\"widget\" data-widget_type=\"heading.default\">\n\t\t\t\t<div class=\"elementor-widget-container\">\n\t\t\t\t\t<h5 class=\"elementor-heading-title elementor-size-default\">Lokacija<\/h5>\t\t\t\t<\/div>\n\t\t\t\t<\/div>\n\t\t\t\t<div class=\"elementor-element elementor-element-7bb71d3 elementor-widget elementor-widget-text-editor\" data-id=\"7bb71d3\" data-element_type=\"widget\" data-e-type=\"widget\" data-widget_type=\"text-editor.default\">\n\t\t\t\t<div class=\"elementor-widget-container\">\n\t\t\t\t\t\t\t\t\t<p>Vojvode Mi\u0161i\u0107a 97, 18000 Ni\u0161, Srbija<\/p>\t\t\t\t\t\t\t\t<\/div>\n\t\t\t\t<\/div>\n\t\t\t\t\t<\/div>\n\t\t<\/div>\n\t\t\t\t<div class=\"elementor-column elementor-col-50 elementor-top-column elementor-element elementor-element-e1d50ce\" data-id=\"e1d50ce\" data-element_type=\"column\" data-e-type=\"column\">\n\t\t\t<div class=\"elementor-widget-wrap elementor-element-populated\">\n\t\t\t\t\t\t<div class=\"elementor-element elementor-element-18c7a2a elementor-widget elementor-widget-heading\" data-id=\"18c7a2a\" data-element_type=\"widget\" data-e-type=\"widget\" data-widget_type=\"heading.default\">\n\t\t\t\t<div class=\"elementor-widget-container\">\n\t\t\t\t\t<h2 class=\"elementor-heading-title elementor-size-default\">Kontaktirajte nas<\/h2>\t\t\t\t<\/div>\n\t\t\t\t<\/div>\n\t\t\t\t<div class=\"elementor-element elementor-element-54883094 atu-contact-page elementor-widget elementor-widget-shortcode\" data-id=\"54883094\" data-element_type=\"widget\" data-e-type=\"widget\" data-widget_type=\"shortcode.default\">\n\t\t\t\t<div class=\"elementor-widget-container\">\n\t\t\t\t\t\t\t<div class=\"elementor-shortcode\"><div class=\"wpforms-container wpforms-container-full\" id=\"wpforms-692\"><form id=\"wpforms-form-692\" class=\"wpforms-validate wpforms-form wpforms-ajax-form\" data-formid=\"692\" method=\"post\" enctype=\"multipart\/form-data\" action=\"\/index.php\/wp-json\/wp\/v2\/pages\/144\" data-token=\"3d185a71b2841d022c7f917190e8f33e\" data-token-time=\"1777499809\"><noscript class=\"wpforms-error-noscript\">Please enable JavaScript in your browser to complete this form.<\/noscript><div class=\"wpforms-field-container\"><div id=\"wpforms-692-field_0-container\" class=\"wpforms-field wpforms-field-name\" data-field-id=\"0\"><label class=\"wpforms-field-label\" for=\"wpforms-692-field_0\">Ime <span class=\"wpforms-required-label\">*<\/span><\/label><input type=\"text\" id=\"wpforms-692-field_0\" class=\"wpforms-field-large wpforms-field-required\" name=\"wpforms[fields][0]\" required><\/div><div id=\"wpforms-692-field_1-container\" class=\"wpforms-field wpforms-field-email\" data-field-id=\"1\"><label class=\"wpforms-field-label\" for=\"wpforms-692-field_1\">Email <span class=\"wpforms-required-label\">*<\/span><\/label><input type=\"email\" id=\"wpforms-692-field_1\" class=\"wpforms-field-large wpforms-field-required\" name=\"wpforms[fields][1]\" spellcheck=\"false\" required><\/div><div id=\"wpforms-692-field_2-container\" class=\"wpforms-field wpforms-field-textarea\" data-field-id=\"2\"><label class=\"wpforms-field-label\" for=\"wpforms-692-field_2\">Poruka<\/label><textarea id=\"wpforms-692-field_2\" class=\"wpforms-field-medium\" name=\"wpforms[fields][2]\" ><\/textarea><\/div><\/div><!-- .wpforms-field-container --><div class=\"wpforms-submit-container\" ><input type=\"hidden\" name=\"wpforms[id]\" value=\"692\"><input type=\"hidden\" name=\"page_title\" value=\"\"><input type=\"hidden\" name=\"page_url\" value=\"https:\/\/googamania.euproweb.com\/index.php\/wp-json\/wp\/v2\/pages\/144\"><input type=\"hidden\" name=\"url_referer\" value=\"\"><button type=\"submit\" name=\"wpforms[submit]\" id=\"wpforms-submit-692\" class=\"wpforms-submit\" data-alt-text=\"Slanje...\" data-submit-text=\"Po\u0161alji\" aria-live=\"assertive\" value=\"wpforms-submit\">Po\u0161alji<\/button><img decoding=\"async\" src=\"https:\/\/googamania.euproweb.com\/wp-content\/plugins\/wpforms-lite\/assets\/images\/submit-spin.svg\" class=\"wpforms-submit-spinner\" style=\"display: none;\" width=\"26\" height=\"26\" alt=\"Loading\"><\/div><\/form><\/div>  <!-- .wpforms-container --><\/div>\n\t\t\t\t\t\t<\/div>\n\t\t\t\t<\/div>\n\t\t\t\t\t<\/div>\n\t\t<\/div>\n\t\t\t\t\t<\/div>\n\t\t<\/section>\n\t\t\t\t<\/div>\n\t\t","protected":false},"excerpt":{"rendered":"<p>Kontakt Detalji Poru\u010dite sajt preko forme na ovoj strani ili postavite pitanje, mi odgovaramo ODMAH. Email &#8211; odgovor dobijate odmah info@googamania.com Telefon &#8211; NON STOP (063) 7683-881 Lokacija Vojvode Mi\u0161i\u0107a 97, 18000 Ni\u0161, Srbija Kontaktirajte nas<\/p>\n","protected":false},"author":1,"featured_media":484,"parent":0,"menu_order":0,"comment_status":"closed","ping_status":"closed","template":"elementor_header_footer","meta":{"footnotes":""},"class_list":["post-144","page","type-page","status-publish","has-post-thumbnail","hentry"],"yoast_head":"<!-- This site is optimized with the Yoast SEO plugin v22.3 - https:\/\/yoast.com\/wordpress\/plugins\/seo\/ -->\n<title>Contact - Googa Mania NI\u0160 EUPROWEB izrada sajta u Ni\u0161u<\/title>\n<meta name=\"robots\" content=\"index, follow, max-snippet:-1, max-image-preview:large, max-video-preview:-1\" \/>\n<link rel=\"canonical\" href=\"https:\/\/googamania.euproweb.com\/index.php\/contact\/\" \/>\n<meta property=\"og:locale\" content=\"en_US\" \/>\n<meta property=\"og:type\" content=\"article\" \/>\n<meta property=\"og:title\" content=\"Contact - Googa Mania NI\u0160 EUPROWEB izrada sajta u Ni\u0161u\" \/>\n<meta property=\"og:description\" content=\"Kontakt Detalji Poru\u010dite sajt preko forme na ovoj strani ili postavite pitanje, mi odgovaramo ODMAH. Email &#8211; odgovor dobijate odmah info@googamania.com Telefon &#8211; NON STOP (063) 7683-881 Lokacija Vojvode Mi\u0161i\u0107a 97, 18000 Ni\u0161, Srbija Kontaktirajte nas\" \/>\n<meta property=\"og:url\" content=\"https:\/\/googamania.euproweb.com\/index.php\/contact\/\" \/>\n<meta property=\"og:site_name\" content=\"Googa Mania NI\u0160 EUPROWEB izrada sajta u Ni\u0161u\" \/>\n<meta property=\"article:modified_time\" content=\"2023-05-04T13:27:52+00:00\" \/>\n<meta property=\"og:image\" content=\"https:\/\/googamania.euproweb.com\/wp-content\/uploads\/2018\/11\/header.png\" \/>\n\t<meta property=\"og:image:width\" content=\"1350\" \/>\n\t<meta property=\"og:image:height\" content=\"137\" \/>\n\t<meta property=\"og:image:type\" content=\"image\/png\" \/>\n<meta name=\"twitter:card\" content=\"summary_large_image\" \/>\n<script type=\"application\/ld+json\" class=\"yoast-schema-graph\">{\"@context\":\"https:\/\/schema.org\",\"@graph\":[{\"@type\":\"WebPage\",\"@id\":\"https:\/\/googamania.euproweb.com\/index.php\/contact\/\",\"url\":\"https:\/\/googamania.euproweb.com\/index.php\/contact\/\",\"name\":\"Contact - Googa Mania NI\u0160 EUPROWEB izrada sajta u Ni\u0161u\",\"isPartOf\":{\"@id\":\"https:\/\/googamania.euproweb.com\/#website\"},\"primaryImageOfPage\":{\"@id\":\"https:\/\/googamania.euproweb.com\/index.php\/contact\/#primaryimage\"},\"image\":{\"@id\":\"https:\/\/googamania.euproweb.com\/index.php\/contact\/#primaryimage\"},\"thumbnailUrl\":\"https:\/\/googamania.euproweb.com\/wp-content\/uploads\/2018\/11\/header.png\",\"datePublished\":\"2018-08-07T10:50:47+00:00\",\"dateModified\":\"2023-05-04T13:27:52+00:00\",\"breadcrumb\":{\"@id\":\"https:\/\/googamania.euproweb.com\/index.php\/contact\/#breadcrumb\"},\"inLanguage\":\"en-US\",\"potentialAction\":[{\"@type\":\"ReadAction\",\"target\":[\"https:\/\/googamania.euproweb.com\/index.php\/contact\/\"]}]},{\"@type\":\"ImageObject\",\"inLanguage\":\"en-US\",\"@id\":\"https:\/\/googamania.euproweb.com\/index.php\/contact\/#primaryimage\",\"url\":\"https:\/\/googamania.euproweb.com\/wp-content\/uploads\/2018\/11\/header.png\",\"contentUrl\":\"https:\/\/googamania.euproweb.com\/wp-content\/uploads\/2018\/11\/header.png\",\"width\":1350,\"height\":137},{\"@type\":\"BreadcrumbList\",\"@id\":\"https:\/\/googamania.euproweb.com\/index.php\/contact\/#breadcrumb\",\"itemListElement\":[{\"@type\":\"ListItem\",\"position\":1,\"name\":\"Home\",\"item\":\"https:\/\/googamania.euproweb.com\/\"},{\"@type\":\"ListItem\",\"position\":2,\"name\":\"Contact\"}]},{\"@type\":\"WebSite\",\"@id\":\"https:\/\/googamania.euproweb.com\/#website\",\"url\":\"https:\/\/googamania.euproweb.com\/\",\"name\":\"Googa Mania NI\u0160 EUPROWEB izrada sajta Ni\u0161\",\"description\":\"199\u20ac Izrada Kompletnog Sajta - Uklju\u010deno u cenu: .COM domen, SSL certifikat, Hosting i web prezentacija Ni\u0161\",\"publisher\":{\"@id\":\"https:\/\/googamania.euproweb.com\/#organization\"},\"potentialAction\":[{\"@type\":\"SearchAction\",\"target\":{\"@type\":\"EntryPoint\",\"urlTemplate\":\"https:\/\/googamania.euproweb.com\/?s={search_term_string}\"},\"query-input\":\"required name=search_term_string\"}],\"inLanguage\":\"en-US\"},{\"@type\":\"Organization\",\"@id\":\"https:\/\/googamania.euproweb.com\/#organization\",\"name\":\"Googa Mania Izrada sajta Ni\u0161\",\"url\":\"https:\/\/googamania.euproweb.com\/\",\"logo\":{\"@type\":\"ImageObject\",\"inLanguage\":\"en-US\",\"@id\":\"https:\/\/googamania.euproweb.com\/#\/schema\/logo\/image\/\",\"url\":\"https:\/\/googamania.euproweb.com\/wp-content\/uploads\/2018\/10\/googamanialogo-11.png\",\"contentUrl\":\"https:\/\/googamania.euproweb.com\/wp-content\/uploads\/2018\/10\/googamanialogo-11.png\",\"width\":143,\"height\":29,\"caption\":\"Googa Mania Izrada sajta Ni\u0161\"},\"image\":{\"@id\":\"https:\/\/googamania.euproweb.com\/#\/schema\/logo\/image\/\"}}]}<\/script>\n<!-- \/ Yoast SEO plugin. -->","yoast_head_json":{"title":"Contact - Googa Mania NI\u0160 EUPROWEB izrada sajta u Ni\u0161u","robots":{"index":"index","follow":"follow","max-snippet":"max-snippet:-1","max-image-preview":"max-image-preview:large","max-video-preview":"max-video-preview:-1"},"canonical":"https:\/\/googamania.euproweb.com\/index.php\/contact\/","og_locale":"en_US","og_type":"article","og_title":"Contact - Googa Mania NI\u0160 EUPROWEB izrada sajta u Ni\u0161u","og_description":"Kontakt Detalji Poru\u010dite sajt preko forme na ovoj strani ili postavite pitanje, mi odgovaramo ODMAH. Email &#8211; odgovor dobijate odmah info@googamania.com Telefon &#8211; NON STOP (063) 7683-881 Lokacija Vojvode Mi\u0161i\u0107a 97, 18000 Ni\u0161, Srbija Kontaktirajte nas","og_url":"https:\/\/googamania.euproweb.com\/index.php\/contact\/","og_site_name":"Googa Mania NI\u0160 EUPROWEB izrada sajta u Ni\u0161u","article_modified_time":"2023-05-04T13:27:52+00:00","og_image":[{"width":1350,"height":137,"url":"https:\/\/googamania.euproweb.com\/wp-content\/uploads\/2018\/11\/header.png","type":"image\/png"}],"twitter_card":"summary_large_image","schema":{"@context":"https:\/\/schema.org","@graph":[{"@type":"WebPage","@id":"https:\/\/googamania.euproweb.com\/index.php\/contact\/","url":"https:\/\/googamania.euproweb.com\/index.php\/contact\/","name":"Contact - Googa Mania NI\u0160 EUPROWEB izrada sajta u Ni\u0161u","isPartOf":{"@id":"https:\/\/googamania.euproweb.com\/#website"},"primaryImageOfPage":{"@id":"https:\/\/googamania.euproweb.com\/index.php\/contact\/#primaryimage"},"image":{"@id":"https:\/\/googamania.euproweb.com\/index.php\/contact\/#primaryimage"},"thumbnailUrl":"https:\/\/googamania.euproweb.com\/wp-content\/uploads\/2018\/11\/header.png","datePublished":"2018-08-07T10:50:47+00:00","dateModified":"2023-05-04T13:27:52+00:00","breadcrumb":{"@id":"https:\/\/googamania.euproweb.com\/index.php\/contact\/#breadcrumb"},"inLanguage":"en-US","potentialAction":[{"@type":"ReadAction","target":["https:\/\/googamania.euproweb.com\/index.php\/contact\/"]}]},{"@type":"ImageObject","inLanguage":"en-US","@id":"https:\/\/googamania.euproweb.com\/index.php\/contact\/#primaryimage","url":"https:\/\/googamania.euproweb.com\/wp-content\/uploads\/2018\/11\/header.png","contentUrl":"https:\/\/googamania.euproweb.com\/wp-content\/uploads\/2018\/11\/header.png","width":1350,"height":137},{"@type":"BreadcrumbList","@id":"https:\/\/googamania.euproweb.com\/index.php\/contact\/#breadcrumb","itemListElement":[{"@type":"ListItem","position":1,"name":"Home","item":"https:\/\/googamania.euproweb.com\/"},{"@type":"ListItem","position":2,"name":"Contact"}]},{"@type":"WebSite","@id":"https:\/\/googamania.euproweb.com\/#website","url":"https:\/\/googamania.euproweb.com\/","name":"Googa Mania NI\u0160 EUPROWEB izrada sajta Ni\u0161","description":"199\u20ac Izrada Kompletnog Sajta - Uklju\u010deno u cenu: .COM domen, SSL certifikat, Hosting i web prezentacija Ni\u0161","publisher":{"@id":"https:\/\/googamania.euproweb.com\/#organization"},"potentialAction":[{"@type":"SearchAction","target":{"@type":"EntryPoint","urlTemplate":"https:\/\/googamania.euproweb.com\/?s={search_term_string}"},"query-input":"required name=search_term_string"}],"inLanguage":"en-US"},{"@type":"Organization","@id":"https:\/\/googamania.euproweb.com\/#organization","name":"Googa Mania Izrada sajta Ni\u0161","url":"https:\/\/googamania.euproweb.com\/","logo":{"@type":"ImageObject","inLanguage":"en-US","@id":"https:\/\/googamania.euproweb.com\/#\/schema\/logo\/image\/","url":"https:\/\/googamania.euproweb.com\/wp-content\/uploads\/2018\/10\/googamanialogo-11.png","contentUrl":"https:\/\/googamania.euproweb.com\/wp-content\/uploads\/2018\/10\/googamanialogo-11.png","width":143,"height":29,"caption":"Googa Mania Izrada sajta Ni\u0161"},"image":{"@id":"https:\/\/googamania.euproweb.com\/#\/schema\/logo\/image\/"}}]}},"_links":{"self":[{"href":"https:\/\/googamania.euproweb.com\/index.php\/wp-json\/wp\/v2\/pages\/144","targetHints":{"allow":["GET"]}}],"collection":[{"href":"https:\/\/googamania.euproweb.com\/index.php\/wp-json\/wp\/v2\/pages"}],"about":[{"href":"https:\/\/googamania.euproweb.com\/index.php\/wp-json\/wp\/v2\/types\/page"}],"author":[{"embeddable":true,"href":"https:\/\/googamania.euproweb.com\/index.php\/wp-json\/wp\/v2\/users\/1"}],"replies":[{"embeddable":true,"href":"https:\/\/googamania.euproweb.com\/index.php\/wp-json\/wp\/v2\/comments?post=144"}],"version-history":[{"count":48,"href":"https:\/\/googamania.euproweb.com\/index.php\/wp-json\/wp\/v2\/pages\/144\/revisions"}],"predecessor-version":[{"id":702,"href":"https:\/\/googamania.euproweb.com\/index.php\/wp-json\/wp\/v2\/pages\/144\/revisions\/702"}],"wp:featuredmedia":[{"embeddable":true,"href":"https:\/\/googamania.euproweb.com\/index.php\/wp-json\/wp\/v2\/media\/484"}],"wp:attachment":[{"href":"https:\/\/googamania.euproweb.com\/index.php\/wp-json\/wp\/v2\/media?parent=144"}],"curies":[{"name":"wp","href":"https:\/\/api.w.org\/{rel}","templated":true}]}}